) + (-5 - -12)?
-4
What is 3 - ((15 - -5) + -21)?
4
What is the value of 20 + -17 + 6 - 12?
-3
What is the value of -12 + 41 + (-25 - -15)?
19
Calculate (-8 - -4) + 22 + 0 + 1.
19
Calculate (-19 - 4) + 11 + 20.
8
What is -5 - (-1 + (2 - 9) + -1)?
4
What is the value of 6 - -1 - (44 - (80 + -45))?
-2
Evaluate (-12 - (11 - 21) - 12) + -10.
-24
What is -9 - ((206 - 218) + (0 - 16) + -9)?
28
Calculate 11 - (18 + -5 + (15 - -8)).
-25
Calculate 11 - (-4 - 0 - (22 - 21) - -5).
11
What is 5 + (3 - (7 + 3))?
-2
What is the value of 20 + -1 + 3 + -11?
11
What is the value of 14 + (-3 - 0) + (-11 - -33 - 31)?
2
0 + (2 - (-4 + -7)) + (1 - 5)
9
Calculate 38 + -37 + 29 + 2 + -6.
26
3 + 3 + 2 - ((-1 - -14) + -7)
2
What is the value of (5 - -9) + (-2 - 3) + -2 - 9?
-2
What is the value of 8 + -17 + -16 + 23?
-2
Calculate -38 + 2 + 15 - -41.
20
(6 - -23) + (-2 - (-4 - -4 - -5))
22
Calculate 2 + 0 - (28 + -95 + 49).
20
Calculate 11 - (-33 + 2) - 9.
33
-8 + -37 + (106 - 46)
15
Calculate 4 + -1 - (-151 - -147).
7
Evaluate (2 - -19) + -33 + 28.
16
Evaluate 86 - 86 - (-3 + 20).
-17
-638 + 634 + 4 + 0
0
-4 + -4 + 1 + (-6 + 7 - 1)
-7
Evaluate -3 + -3 + (65 - 59).
0
What is 22 + 9 + (-31 - -11) + 6?
17
Evaluate (-1 - -15) + 170 + -185 + -5.
-6
Evaluate 5 + (-6 + 20 - 6).
13
Calculate -26 + 45 + (-13 - 4).
2
-8 - (-128 + 134 + 1 + -17)
2
Evaluate 11 - (21 - 17) - 2.
5
What is the value of 11 + -5 + -8 + 10?
8
What is 8 - 18 - 5 - (0 - 14)?
-1
(18 - 35 - -13) + -2 + -20
-26
What is the value of -720 + 728 - (-3 + 5 + -4)?
10
1 + 1 + 1 + 13
16
What is 16 + 5 + -3 + -25?
-7
Calculate 26 + -16 + (6 - 5).
11
Evaluate -16 - ((-3 - 7) + 5) - (1 + 2).
-14
What is the value of 3 + (0 - -7) - (-1 - (9 - 13))?
7
What is -33 - -39 - (0 - -3)?
3
Calculate 5 - (7 + -7) - (-1 - -9).
-3
Calculate (-1 + 20 - (87 + -74)) + 2 + 10.
18
1 + (-3 - -2) + -6 - 5
-11
11 - (3 + (-1 - (-4 - 1))) - 5
-1
Calculate 5 + -1 - (12 + (-9 - -15 - 0)).
-14
-19 + 19 + 1 + -3
-2
What is (-14 + 4 + 0 - -17) + -1 + 5?
11
Evaluate -11 + -2 + -10 + (-7 - -4) + 23.
-3
-188 - -176 - (3 + 1)
-16
What is 18 + (-3 - 2 - (-8 - -1 - -8))?
12
Calculate -6 - ((139 - 142) + (11 + 0 - 2)).
-12
Evaluate 9 - 41 - (-24 + 7).
-15
Calculate (-6 + -6 - -13) + 8.
9
What is the value of (-21 - -10) + 18 + (-1 - -6)?
12
Calculate -8 - (-21 + (3 - (2 - (11 + 0)))).
1
148 + -152 + 5 + 4
5
Calculate (2 - (-2 + 5)) + 4 + (-270 - -284).
17
Calculate 0 + -16 - (195 + -221).
10
Evaluate 2 + -8 + 16 + (21 - 35).
-4
What is the value of -4 - (1 + (0 - 5) - (-602 + 603))?
1
Evaluate (-59 - -12 - -18) + (-1 - -8).
-22
Evaluate (5 - (1 - -6)) + -8 + -1.
-11
Evaluate -56 + 16 + 37 + -25.
-28
Calculate -251 + 221 - (-1 - 14).
-15
What is -12 + 2 + -1 + (37 - 39)?
-13
Evaluate 19 + -23 + -8 - -27.
15
What is the value of 12 - (-22 + 29) - 24?
-19
Evaluate -19 - ((-14 - 1) + -132 + 133).
-5
Calculate 18 + 2 + -11 - 19.
-10
What is 10 + (26 - 18) + -5?
13
Evaluate -2 + 9 + 0 - (-1019 + 1023).
3
Evaluate (-6 - -3 - -7) + -7 + 7 + 9.
13
Evaluate (405 - 384) + (-1 - 24).
-4
What is -5 + (-6 - (8 - 0 - 12 - -2))?
-9
What is -13 - (-4 - -5) - (3 - 10)?
-7
What is -1456 + 1467 - (-1 + 1 + 9)?
2
Calculate -21 - -32 - ((-4 - -7) + 3).
5
What is the value of 8 - -1 - (75 + -71 - (4 + 14))?
23
What is the value of -108 - -136 - (12 + 4)?
12
What is the value of 20 - (88 + -76 + 1 + -1)?
8
Evaluate 17 + 50 + -77 + -6 + -1.
-17
Calculate 3 - -35 - (-61 + 103).
-4
-3 + -9 - (15 + -20 + 19)
-26
What is -29 + 27 + -12 + 7?
-7
Evaluate -4 + (-12 + (18 - -1) + 22 - 8).
17
-394 + 400 + (-5 + 6 - 5)
2
What is the value of -9 + 19 + -2 + -3 - (0 + 0)?
5
What is -2 + 10 - (17 + 4 + -11)?
-2
Calculate -1 + 10 + (-1 - -4) + -2 + 11.
21
What is the value of (-11 - 1) + -2 - (48 + (33 - 87))?
-8
Evaluate (0 - 4) + (31 - 12 - 19).
-4
What is -13 - (7 - (10 - -6))?
-4
Evaluate -1 - 42 - (21 + -35 - 0).
-29
What is (6 + -2 - 1 - 0) + (0 - 12)?
-9
30 - (13 + -23 - -12) - 10
18
Evaluate 11 + (11 - (-18 + 41)).
-1
Evaluate 14 - (53 + -40 + (-1 - 11)).
13
(7 - ((-5 - -16) + -6)) + 1
3
20 - -4 - 66 - -21
-21
What is the value of -8 + -2 + (-93 - -86) + 4?
-13
What is the value of -5 - (-48 + (107 - 38))?
-26
Calculate 11 + -12 + 9 - 0 - -5.
13
(12 - 3) + 4 + 7 + -8 + 1
13
Evaluate 24 + -23 + 23 + -20.
4
(3 - -7) + -19 + 13
4
What is the value of 8 + (10 + -14 - -26)?
30
Calculate -1 - -4 - 22 - (-176 + 180).
-23
What is -180 + 185 - ((0 - 1) + 12)?
-6
Evaluate -17 - (0 - 0 - (39 - 29)).
-7
What is 0 + 19 - (30 - 3)?
-8
Calculate 16 + 1 + 2 + -19 + 28.
28
Calculate -5 + 0 + 14 + (-1 + -6 - 5).
-3
Calculate (-4 + 1 - (15 - (-16 + 32))) + 7.
5
What is -8 + (-8 + 3 - 7) + 8?
-12
Evaluate 14 + (-6 - 5) + -17 + -2 + 2.
-14
Evaluate -17 + (-6 - -2 - (-34 + 27)).
-14
What is -3 - (1 + (-5 + -2 - 0) + 6)?
-3
-3 - (14 + -17 - -2)
-2
Calculate 3 - -6 - (-3 + 0 - -7 - -1).
4
What is 12 - (-15 + 55 - 16)?
-12
(20 - 11) + (-11 - 14)
-16
(12 - (14 - 13)) + (-29 - (2 + -6))
-14
Evaluate 2 + 24 + -19 + (-1 - 0) - 17.
-11
Evaluate -3 - ((-3 + 8 - 9) + 8).
-7
Evaluate 1917 + -1902 + (1 - (-1 + -4)).
21
Evaluate (-3 - -15) + (-4 - (-5 + 0 + 3)).
10
Calculate (0 - (2 + 8)) + (-20 - (-13 - 16)).
-1
Evaluate (-7 - -13 - (24 + -33)) + -10.
5
Calculate 2 - 38 - -14 - (10 - 0).
-32
Evaluate 18 + -6 + 11 + (9 - 8).
24
What is (6 - 15 - -8 - -6) + -33 - 1?
-29
What is the value of -1 - (11 - 21) - (-7 - 7)?
23
What is (7 - 19 - -22) + 3 + (0 - -1)?
14
What is (12 + -2 - -1) + (21 - 49 - -24)?
7
Calculate -11 - (4 + (-4 - 5)).
-6
-3 - (1 + (-2 - (3 - 6 - -6)))
1
Evaluate 3 + (-7 - -5) + 4 + (0 - 0).
5
What is the value of -3 + -7 + -16 + 28?
2
Calculate (-45 - ((4 - 5) + -5)) + 13.
-26
What is 6 + -27 - (3 + 6 + -16)?
-14
Calculate -8 + -7 + (1 - -5) + (-9 - -10).
-8
Evaluate (-5 - -5) + 36 + -55.
-19
What is (-18 - (-7 + (0 - 6))) + 5?
0
Calculate (-21 - -5 - (-7 - 0)) + -10.
-19
-2 - ((3 - 7) + 0) - (-117 - -109)
10
What is the value of -2 + (1 - 10 - (12 - 35 - 14))?
26
(6 - (-5 - (3 + -17))) + 12
9
Calculate 49 + -22 + 7 - 17.
17
Evaluate 14 - (24 + -8) - (-2 - 3).
3
-21 + -3 + 16 + (8 - 1)
-1
Calculate -9 - -8 - 2 - (1 + -22).
18
(-42 - -52) + -12 + (-2 - -14) + 2
12
10 + (64 - 58) + (-1 - 2)
13
What is the value of -25 - (-4 + 5 - 7 - -16)?
-35
Evaluate 3 + (4 - ((5 - -2) + -6)) + -3.
3
Evaluate -42 + 35 + 12 + 7.
12
Calculate (160 - 154) + (-7 - -2).
1
(42 - 1) + -110 - -36
-33
Calculate -36 - (20 + -39) - (2 - 2 - -3).
-20
Evaluate (-13 - (0 + -24)) + -4.
7
(6 + -10 - -1) + (3 - 2) + 11
9
Evaluate -67 + 62 + -1 + 11.
5
What is the value of -25 + (1 - 3) + 2 + 11?
-14
Calculate 429 + -432 - (0 + -2).
-1
10 - (-8 - -3) - 24
-9
(4 - -2) + -7 + (13 - 4) + -11
-3
(-2 - (-2 + -5)) + (5 - -6) + -5
11
53 + -41 + 4 + -20
-4
(1 - 1) + 26 - (348 - 342)
20
What is the value of 4 - 11 - ((-18 - -5) + 7)?
-1
What is -23 - (-11 + -29 + 20)?
-3
What is the value of 30 - (2 - (7 + 1 - 13)) - 4?
19
Calculate -8 - 2 - -2 - (126 - 127).
-7
Evaluate (8 + -9 - 4 - (-6 + -3)) + -30.
-26
Calculate 13 + -23 + 30 - ((0 - -7) + -2).
15
What is 34 - (5 + -4 + -18 + -2 + 17)?
36
-13 - (-25 + 7) - 6
-1
Evaluate 5 + -5 + (-23 - -27) + -7 + 1.
-2
-12 - (31 - (-27 - -70))
0
Evaluate 37 - (25 + (-3 - 2)).
17
What is (-9 - -6) + 12 - 19?
-10
What is (0 - -8) + (11 - (3 - -6))?
10
What is the value of (47 - 35) + -18 + 5 + 0?
-1
What is 2 + -4 + 1 + 2 - -12?
13
Evaluate (0 - -18 - 29) + 16.
5
What is 30 + -49 + (1 - 2 - 4 - 4)?
-28
Calculate 10 + -7 + (-3 - 4) + 5 + 5.
6
(2 - 7 - -7) + 17 + (-7 - -3)
15
What is the value of -14 - -7 - -9 - -8?
10
What is the value of 13 - (20 - (-2 - -13) - -16)?
-12
18 - 5 - 12 - -1 - 33 - 5
-36
-10 - 18 - (22 + -73)
23
Calculate (0 - 4) + 12 - (-3 - (-1 + -5)).
5
What is the value of -579 + 568 + -21 + 0 + 4?
-28
Calculate 13 + -2 + -8 + 11.
14
What is the value of -10 - -12 - (23 + 2)?
-23
Calculate 31 + -31 - ((6 - -2) + 0 - -1).
-9
Calculate 0 + 5 - -2 - (5 + -2 + 0).
4
What is 8 + -28 + (-16 - (-2 + -8))?
-26
Evaluate 5 + -3 + -1 - (-1 - (-9 + -10)).
-17
Evaluate -64 + 67 + 2 + -9.
-4
What is -2 - (-1 - (-13 + (-2 - -3 - -4)))?
-9
Calculate (106 - 74) + 0 + -29.
3
What is -2 - (-16 - (-6 + -13)) - -18?
13
What is the value of 4 - ((1 - 2) + (59 - 55))?
1
What is -5 + -3 + (-2 - -5) + 7 + -1